 + (5 - -4) + 3?
-54
Evaluate 73 - (2 + (-9 - -3) + 23).
54
-91 - -36 - -66 - -17
28
What is (9 - 0) + (-31 - (-43 + -10 + -36))?
67
Evaluate -1 + (3 - -1) + 1 + -16 + 36 + 5.
29
Calculate 0 - (-13 + (-12 - -7) - 6 - -15).
9
What is (-20 - 4) + (27 + -12 - 29)?
-38
What is the value of 38 - -2 - (-2 + -2 - -6 - (-24 - -36))?
50
Evaluate -6 - (1 + 0 + -10 + 22 + (-42 - -25)).
-2
Evaluate -2 + 2 - ((-24 - 45) + 34).
35
What is the value of (-19 - (27 + -30)) + 29 + -74?
-61
1 - 7 - (-2 - -44)
-48
Calculate 27 + 0 + (-16 - -13 - -21).
45
Evaluate 41 - 14 - (21 - -22).
-16
Evaluate (4 + -14 + 7 - 8) + (-1 - -32).
20
Evaluate 26 - (142 + -24 + -33).
-59
Evaluate -36 + (51 - 58) + 91.
48
What is the value of 0 + -136 + -1 - (-1 + 28 - (58 - 15))?
-121
What is the value of 24 - 19 - (-5 - -4 - 58) - -4 - 8?
60
Evaluate 24 + (-65 - -3 - -24).
-14
What is the value of (44 - -5) + 11 + (-31 - -23 - -14)?
66
What is the value of 27 - 39 - (261 - 259)?
-14
What is the value of 21 - -6 - (2 + 53 - 104)?
76
Calculate -28 - (-135 + -47 + (25 - 13)).
142
What is (-5 + 4 - -50) + 735 + -758?
26
48 + -3 - (21 - -13)
11
Calculate (25 - (5 - -13)) + -7 - (-1 + -17).
18
What is the value of (4 - 8 - -13) + (-605 - -662)?
66
Calculate -10 - 4 - (-29 + 113 - ((14 - -10) + -14)).
-88
What is 8 + (23 + 21 - 29) + -36?
-13
Calculate (-267 - (67 - 62)) + 161.
-111
(-10 - 2) + (-25 - -18) + -10 + (14 - 7)
-22
-8 + -24 + 63 + -56
-25
Calculate 19 - (39 - -1) - -23 - 0.
2
82 - (44 + 52 - 67)
53
-1 - -20 - (3 + 10 - (-37 + (37 - -3)))
9
Calculate 54 - ((12 - 15 - (5 + -14) - -4) + -17).
61
0 + -83 + 157 + -3
71
What is the value of (26 - -72) + -36 + 32?
94
What is the value of (8 + -2 - -62 - -3) + (30 - (21 + 1))?
79
What is -201 + 16 + (1028 - 913)?
-70
Evaluate -10 + -56 + 10 - -15 - -6.
-35
Evaluate -2 - -8 - 21 - 4.
-19
What is -30 + 1 - (54 + -121 - -21)?
17
Calculate 2 - 6 - (-7 - -51) - (-200 + 194).
-42
-8 + (-10 + 20 - 12 - 8) + 82
64
What is the value of (0 + 1 - (6 + 12)) + 2838 + -2840?
-19
Evaluate -26 - (11 + (-6 + 21 - 5)).
-47
9 + -14 + 28 + -11 + (-3 + 3 - 3)
9
Calculate -17 - (-13 + -2) - ((-3 - 0) + 9 - -2).
-10
Evaluate 1162 + -1104 - (2 + -56).
112
Evaluate -43 + -20 + 33 + 3.
-27
Evaluate 8 + -1 - (-1 + (-2 - (-2 - -6))).
14
What is (13 - (7 + 14) - (0 + -9)) + 54 + -4?
51
Calculate 25 + 1 + (-121 - (25 - 146)).
26
Calculate (-84 - -10) + 76 + (13 - 2).
13
Calculate 26 - 13 - (38 + -38).
13
12 - (-5 + -17 + -30 + 38 - -2)
24
What is the value of 23 - ((28 - (38 - 10)) + 2 + -11)?
32
Calculate -47 + -21 + 80 - (-1 + 21) - 20.
-28
79 - -2 - (-3574 + 3649)
6
Calculate 5 + 1 + -4 + -11 + 12 + -7.
-4
What is the value of (15 + 46 - (2 + 0)) + (8 + 22 - 40)?
49
Evaluate (38 + -13 - -30) + -51.
4
Calculate 54 - ((-14 - -4) + -1 - 13 - -12).
66
Evaluate (82 - (21 + 2)) + -84.
-25
What is the value of -17 - ((1 - 3) + (3 - -11) + (869 - 888))?
-10
Evaluate (-5 - 6) + (-12 + -15 - -49).
11
What is (-2 - -24) + (-40 - -31) - (-3 - 45)?
61
What is the value of -25 + (8 - (21 + 2 - 27))?
-13
Evaluate 33 + (-17 + -6 + (1 - -9) - -5).
25
What is the value of 7 - 3 - 5 - (-158 - (-302 - -33))?
-112
43340 + -43241 - (0 - 47)
146
Calculate (11 - 1 - (-4 + -8 + 23)) + (-14 - -12).
-3
23 - (34 - 32 - (1 - (0 + 9 - 3)))
16
(-1 - 0) + (14159 - 14238)
-80
What is the value of (43 - 52) + 83 + -168?
-94
Calculate 11 + 35 + -25 + -66 + 18.
-27
Calculate (-2 + 83 - -4) + (-62 + 0 - -55).
78
Evaluate (40 - (-2 + 111 - 40)) + 164.
135
(18 + -18 - 6 - -2) + -41
-45
What is 22 + (-1 - 33) + (-208 - -204) - -139?
123
What is (-273 - -224) + (-102 - -16)?
-135
What is (-19 - (-2 + (3 - -2))) + 3 + 28 + -23?
-14
Evaluate (-1868 - -1895) + (-94 - 6).
-73
Calculate (-3 - 1) + (-3 - -13) + -4.
2
(-32 - -12) + (12 - (2 + 4)) + -5
-19
-71 + (35 + -19 - (0 - -9 - (0 - 23)))
-87
Evaluate 12 + 23 + 2 + 0 + (-67 - -69).
39
What is -92 + 205 - 169 - (-25 + 1)?
-32
What is the value of -14 - -33 - 14 - (3 + -3 + 0 + -8)?
13
What is the value of 5984 - 5960 - (1 + 20)?
3
Evaluate -52 - (-162 - -168) - ((-3 - 0) + 1 - -11).
-67
-216 + -61 - -156 - (-6 + 3 - 10 - 0)
-108
What is -5 + 0 - (-2 - (-42 + 190 - 34))?
111
Evaluate 30 + (-21 - (-27 + 22)) + -52.
-38
What is the value of -73 + 56 + -15 + 63?
31
5 + (-13 - (2 - 5)) - -6 - -8 - -35
44
What is 112 - (17 + 178 - 94)?
11
Calculate (-852 - -828) + (17 - -1).
-6
What is the value of (8 - 4) + 19 + -38 + -8?
-23
Evaluate (-34 + 8 - (-2 - -22)) + -13 + 8.
-51
What is (-1 - 21) + 38 + -31 - 17?
-32
What is the value of 75 + (7 + -24 - (9 + 3 - 15))?
61
What is the value of 72 - (-11 - 25) - 54?
54
What is (6 + -9 - (7 - -3 - 20)) + (87 - -9)?
103
Evaluate -8 + -14 + -24 + 3 + 8.
-35
What is ((-24 - -3) + 10 - -32) + -86?
-65
Evaluate (4 - -2) + -22 + 16 + (-10 - -19) + 0.
9
(-151 - (-3 + 0)) + (26 - (-28 - -29)) + -15
-138
Calculate -504 + 518 + 6 + (-1 - 1).
18
What is the value of -34 + 42 - 31 - -5?
-18
Evaluate 570 + -567 + (-5 - (-3 + 4 + -26)).
23
Evaluate 33 - (-22 + 0 + 108).
-53
-7 - (3 + 4 + -66 + 45)
7
(67 - 94) + (-26 + 25 - (-1 + -1 + 1))
-27
(78 + 21 - 25) + (-2 - (-12 + (6 - 3)))
81
Evaluate 692 + -774 - ((0 - 2) + -14).
-66
Evaluate (86 - (-29 - -86)) + 0 + 14.
43
Evaluate 16 - (10 + (30 + -38 - -5)).
9
What is -1 + (-11 - 2) + (-12 - -23) - -19?
16
Evaluate -7 - -5 - (9 - (-11 + 20) - -5) - -107.
100
Calculate -6 + (-13 - -50 - -1) - 20.
12
13 + (-7 - 0) + 11 + -25 + 0 - 10
-18
Calculate 22 + -32 + -5 + -42 + 27.
-30
What is the value of 10 + (-89 - -11) + (52 - 34)?
-50
Evaluate -4 + 2 + -23 + 12 - (30 - 0).
-43
Evaluate 2 + 13 + -18 - ((41 - 0) + 0).
-44
Calculate 64 - -3 - ((1 - -35) + -28).
59
Evaluate (-22 - -31) + -16 + 11 + -15.
-11
Evaluate 72 - 10 - (13 - (1 - 2 - -9)).
57
Evaluate 44 - 75 - (-37 + 14).
-8
-41 - -77 - (27 + 13)
-4
-21 - (-30 - (-92 - -31 - -18))
-34
-35 - (-3 + (2 - -37) + -11)
-60
Evaluate 42 - (-7 + (-7 - (1 + -9))) - 2.
46
Evaluate -11 - (-3 + 31 + -60) - -60.
81
What is the value of -10 + (9 - 17) + -7 + 65 + -5 + 14?
49
Evaluate 6 + (12 - (-3 + (1 - -2) + 12 - -50)).
-44
What is (-19 - (20 + -7 - 33 - -11)) + -40?
-50
What is (0 - (9 + -48 + 57)) + -34?
-52
What is the value of 38 - (39 - 3 - (-402 + 324))?
-76
What is the value of -2 + -35 + 64 + 42 - 16?
53
What is the value of -2 - (4 - 14) - (175 - 194 - (-9 + -1))?
17
What is -47 + -7 - (1957 + -1882)?
-129
What is the value of -10 - 16 - (((-6 - -8) + -1 - -9) + -7)?
-29
(1182 - 1147) + (-45 - 0) - 71
-81
Calculate 9 + (18 - -28) + 29 + -15.
69
What is -3664 + 3663 - (20 - (-3 + 5))?
-19
Calculate (0 - -16) + (-22 - (-24 + 13)) + 34.
39
What is the value of -26 + 30 + (5 - -11) + -34?
-14
Calculate -67 - 0 - (-31 + 66 + -37 - (-9 - 2)).
-76
310 + -243 - (-27 - -32)
62
What is the value of 35 - 27 - (-32 + 1 - (8 + -10 + 4))?
41
Evaluate -31 + -49 + 50 - -23.
-7
Evaluate (-38 - -50 - (-18 + 6)) + (-10 - 7).
7
Calculate 3805 + -3847 - (1 - 18).
-25
Evaluate -27 - ((176 - 162) + (-33 - -2)).
-10
Evaluate 7 - (18 + -10) - -32.
31
What is the value of 45 + -147 - -28 - -115?
41
What is the value of -7194 + 7176 - (1 + 0 - 3 - 9)?
-7
Evaluate (2 + 18 + 44 - 2) + -1 + 2.
63
3 - (3 - -17) - (-805 + 788)
0
(-50 + 53 - (-2 - (3 + -5 - -2))) + -4
1
What is the value of 10 - (-13 + (32 - 22) + 17 + (-2 - -113))?
-115
Calculate (-492 - -276) + 225 + (0 - (98 - -1)).
-90
13 + (-11 - 48) - (2 - (3 - 3))
-48
Evaluate (-93 - -101) + -1 + 2 + -19 - 64.
-74
What is the value of (8 - 8) + 13 - (5 - (17 - 5))?
20
Evaluate 0 + -33 - (13 + -4 + (0 + 4 - 8)).
-38
What is the value of (-13 - -17) + -22 - (-44 - -32)?
-6
(3 - 6) + 7 + -28 + (23 - 10)
-11
Calculate -23 + -20 + 2 - (14 - 23 - (9 - 2)).
-25
36 - 47 - -2 - -28 - 83
-64
Evaluate (13 - (-44 + 42)) + -53.
-38
-6 + 19 + -3 - (57 - (36 - -26))
15
What is (38 - 5) + -3 - (-628 - -609 - (-1 - 8))?
40
Calculate 26 + 81 + (12 - (-9 + 10)) - (2 + 1).
115
Evaluate 60 + -88 + 45 - ((4 - 3) + -6).
22
What is (-3 - (-11 - -12) - -7) + (57 - (1 + 0))?
59
Calculate -19 - -4 - (46 - 42) - 21.
-40
What is -30 - (9 + -25 + (1 - -14 - 3))?
-26
What is -169 + 85 + 91 + 4 + -64?
-53
What is -94 + (34 + (23 - (51 - 7)) - (1 + 6))?
-88
(-318 - -339) + 4 + -48
-23
What is (20 - (11 - 10 - -22)) + 103?
100
What is the value of 